{"id":25,"date":"2010-03-30T04:11:28","date_gmt":"2010-03-30T02:11:28","guid":{"rendered":"http:\/\/emergency.gumbaweb.net\/fkarta.cz\/_subdomains\/wordpress\/?page_id=25"},"modified":"2019-03-12T21:26:07","modified_gmt":"2019-03-12T20:26:07","slug":"historie-2","status":"publish","type":"page","link":"https:\/\/www.fkarta.cz\/?page_id=25","title":{"rendered":"Historie"},"content":{"rendered":"<p style=\"text-align: justify;\">\u00dapln\u011b na za\u010d\u00e1tku jsme byli parta patn\u00e1ctilet\u00fdch kluk\u016f, kte\u0159\u00ed se znali ze \u0161koly a kte\u0159\u00ed z\u00e1hy zjistili, \u017ee je to srdcem t\u00e1hne do p\u0159\u00edrody a k trampingu. U\u017e od za\u010d\u00e1tku n\u00e1s tak\u00e9 hodn\u011b oslovovala trampsk\u00e1 muzika, hlavn\u011b Ryvolovky, Hop-Trop\u00e1ci a p\u00edsni\u010dky, kter\u00e9 n\u00e1s u\u010dili Mildovi rodi\u010de (\u010dlenov\u00e9 ji\u017e zanikl\u00e9 T.O. Hejkal). Byly mezi nimi i p\u00edsni\u010dky, kter\u00e9 napsali jejich kamar\u00e1di z vandr\u016f Milan &#8222;Red&#8220; \u0160ebek, Ji\u0159\u00ed &#8222;George&#8220; Jel\u00ednek a dal\u0161\u00ed. V\u0161ichni jsme se u\u010dili hr\u00e1t na kytary.<\/p>\n<p style=\"text-align: justify;\">Tehdy jsme tak\u00e9 ob\u010das nav\u0161t\u011bvovali r\u016fzn\u00e9 festivaly FCT a pr\u00e1v\u011b na jednom takov\u00e9m festivalu, na Ole\u0161nick\u00e9 kytce v roce 1994, jsme pojali n\u00e1pad, \u017ee bychom na n\u011bm za rok mohli vystoupit jako kapela. V t\u00e9 dob\u011b jsme tak\u00e9 p\u0159em\u00fd\u0161leli nad zalo\u017een\u00edm trampsk\u00e9 osady. Situace se nakonec vyvinula tak, \u017ee trampsk\u00e1 kapela i osada vznikla zhruba ve stejnou dobu &#8211; v dubnu 1995. Podle jedn\u00e9 z na\u0161ich obl\u00edben\u00fdch p\u00edsni\u010dek jsme si dali n\u00e1zev &#8222;FALE\u0160N\u00c1 KARTA&#8220; a jako znak jsme vymysleli eso s utr\u017een\u00fdm rohem ovinut\u00e9 hadem. Zakl\u00e1daj\u00edc\u00ed \u010dlenov\u00e9 osady i kapely byli toto\u017en\u00ed: Milan &#8222;Milda&#8220; Dvo\u0159\u00e1k, Vlastimil &#8222;Vlas\u0165\u00e1k&#8220; Libra a Petr &#8222;\u017delva&#8220; Krhounek. Prvn\u00ed ofici\u00e1ln\u00ed vystoupen\u00ed trampsk\u00e9 kapely Fale\u0161n\u00e1 karta se opravdu uskute\u010dnilo, jak jsme se rok p\u0159edt\u00edm rozhodli, na 10. ro\u010dn\u00edku festivalu Ole\u0161nick\u00e1 kytka v \u010dervnu 1995. Zp\u00edvali jsme p\u00edsni\u010dky ji\u017e zm\u00edn\u011bn\u00fdch Reda a Georgeho. Tento festiv\u00e1lek je sout\u011b\u017en\u00ed (hlasuj\u00ed div\u00e1ci) a n\u00e1m se hned p\u0159i tomto na\u0161em prvn\u00edm vystoupen\u00ed stala fantastick\u00e1 v\u011bc &#8211; vyhr\u00e1li jsme. Neum\u00edte si ani p\u0159edstavit, jakou vzpruhu znamen\u00e1 pro za\u010d\u00ednaj\u00edc\u00ed kapelu takov\u00fd \u00fasp\u011bch.<\/p>\n<p style=\"text-align: justify;\">ngg_shortcode_0_placeholder<\/p>\n<p style=\"text-align: justify;\"><em><strong>\u010cerven 1996<\/strong> Prvn\u00ed vystoupen\u00ed kapely Fale\u0161n\u00e1 karta na 10. ro\u010dn\u00edku Ole\u0161nick\u00e9 kytky &#8230;a z\u00e1rove\u0148 zakl\u00e1daj\u00edc\u00ed \u010dlenov\u00e9 T.O. Fale\u0161n\u00e1 karta &#8211; zleva: \u017delva, Vlas\u0165\u00e1k a Milda.<\/em><\/p>\n<p style=\"text-align: justify;\">\u010cas plynul d\u00e1l ve znamen\u00ed ob\u010dasn\u00fdch vandr\u016f, potlach\u016f, sem tam hran\u00ed na men\u0161\u00edch festiv\u00e1lc\u00edch, po hospod\u00e1ch a na trampsk\u00fdch b\u00e1lech. Na trampsk\u00fdch b\u00e1lech jsme zpo\u010d\u00e1tku hr\u00e1vali jako host\u00e9 sp\u0159\u00e1telen\u00e9 kapely Jantar, postupem \u010dasu jsme si u\u017e troufli odehr\u00e1t cel\u00fd b\u00e1l sami. Na\u0161im prvn\u00edm trampsk\u00fdm b\u00e1lem, kter\u00fd jsme si, s pomoc\u00ed kamar\u00e1d\u016f, u\u017e samostatn\u011b organizovali byl v prosinci roku 1995 &#8222;Mikul\u00e1\u0161sk\u00fd b\u00e1l&#8220; ve V\u00edru. T\u00edmto b\u00e1lem zapo\u010dala tradice prosincov\u00fdch V\u00edrsk\u00fdch mikul\u00e1\u0161sk\u00fdch b\u00e1l\u016f Fale\u0161n\u00e9 karty (od roku 2001 p\u0159ibyl nav\u00edc k ve\u010dern\u00edmu b\u00e1lu i odpoledn\u00ed trampsk\u00fd festiv\u00e1lek &#8222;V\u00edrsk\u00fd sumec&#8220;), kter\u00e1 trv\u00e1 dodnes.<\/p>\n<p style=\"text-align: justify;\">V roce 1997 p\u0159i\u0161ly velk\u00e9 zm\u011bny. Tento rok s n\u00e1mi p\u0159estal jezdit a hr\u00e1vat \u017delva a tak jsme byli nuceni hledat pro kapelu nov\u00e9ho basistu. Od t\u00e9 doby a\u017e do roku 2001 jsme m\u011bli basisty &#8222;extern\u00ed&#8220; (Olda Krikl (1997-1999) a V\u00edtek &#8222;Peny&#8220; Nov\u00e1k (1999 &#8211; 2001)).<\/p>\n<p style=\"text-align: justify;\">ngg_shortcode_1_placeholder<\/p>\n<p style=\"text-align: justify;\"><em><strong>\u010cerven 1998<\/strong> Zkou\u0161en\u00ed p\u0159ed 12. Ole\u0161nickou kytkou. Zleva: Lenin, \u010c\u00edra, Olda Krikl, Milda a Vlas\u0165\u00e1k<\/em><\/p>\n<p style=\"text-align: justify;\">ngg_shortcode_2_placeholder<\/p>\n<p style=\"text-align: justify;\"><em><strong>Kv\u011bten 1999<\/strong> Fale\u0161n\u00e1 karta na trampsk\u00e9m festivalu v Horn\u00edm Jelen\u00ed. Zleva: Peny, \u010c\u00edra, Milda a Vlas\u0165\u00e1k<\/em><\/p>\n<p style=\"text-align: justify;\">V roce 1997 jsme tak\u00e9 do osady , a po ur\u010dit\u00e9m \u010dase i do kapely, p\u0159ijali Zde\u0148ka &#8222;\u010c\u00edru&#8220; Jir\u010d\u00edka, kter\u00e9ho jsme poznali u\u017e o rok d\u0159\u00edve na Ole\u0161nick\u00e9 kytce (ve front\u011b na pivo). S p\u0159\u00edchodem \u010c\u00edry se n\u00e1m \u00fapln\u011b zm\u011bnil \u017eivot. Za\u010dali jsme jezdit ven ka\u017ed\u00fd v\u00edkend &#8211; akce st\u00edhala akci &#8211; na potlachy a setk\u00e1n\u00ed tramp\u016f, festivaly, trampsk\u00e9 b\u00e1ly, narozeniny, vandry, hran\u00ed po hospod\u00e1ch atd. po cel\u00e9 republice. Za\u010dali jsme tak\u00e9 tak\u00e9 pravideln\u011b, v\u017edy v z\u00e1\u0159\u00ed, po\u0159\u00e1dat v\u00fdro\u010dn\u00ed ohe\u0148 na\u0161\u00ed osady. Osadn\u00edm flekem se stal lom &#8222;Hradisko&#8220; nad Ro\u017enou, kter\u00fd jsme, po mnoha dnech tvrd\u00e9 d\u0159iny, uvedli do potlachuschopn\u00e9ho stavu.<\/p>\n<p style=\"text-align: justify;\">N\u00e1sledovalo p\u0159ijet\u00ed nov\u00fdch \u010dlen\u016f do na\u0161\u00ed osady. V roce 1998 to byl Pavel &#8222;Hal\u00ed\u0159&#8220; Drobn\u00fd, kter\u00fd ale n\u00e1\u0161 n\u00e1ro\u010dn\u00fd \u017eivot vydr\u017eel jen jeden rok, a v roce 1999 pak Petr &#8222;Hodnej Pe\u0165a&#8220; S\u00fdkora.<\/p>\n<p style=\"text-align: justify;\">V roce 1999 byly zalo\u017eeny dal\u0161\u00ed &#8222;Fale\u0161\u0148\u00e1ck\u00e9&#8220; tradice &#8211; pravideln\u00fd ka\u017edoro\u010dn\u00ed pr\u00e1zdninov\u00fd t\u00fdden na vod\u011b zvan\u00fd &#8222;Fale\u0161n\u00e1 voda&#8220; a pravideln\u00fd lednov\u00fd v\u00edkend s ly\u017eemi-b\u011b\u017ekami a ovarem zvan\u00fd &#8222;Fale\u0161n\u00fd ly\u017ee&#8220;.<\/p>\n<p style=\"text-align: justify;\">ngg_shortcode_3_placeholder<\/p>\n<p style=\"text-align: justify;\"><em><strong>T.O. Fale\u0161n\u00e1 karta &#8211; 2001<\/strong> Zleva: \u010c\u00edra, Milda, Hodnej Pe\u0165a a Vlas\u0165\u00e1k<\/em><\/p>\n<p style=\"text-align: justify;\">V roce 2001, kdy v na\u0161\u00ed kapele op\u011bt vyvstal tradi\u010dn\u00ed probl\u00e9m se sh\u00e1n\u011bn\u00edm basisty, a my jsme n\u011bjak\u00fd \u010das vystupovali jen ve trojici, za\u010dali jsme u\u010dit na kontrabas Pavla &#8222;Jima&#8220; Mach\u00e1\u010dka, kter\u00fd s n\u00e1mi ji\u017e n\u011bjak\u00fd \u010das jezdil po akc\u00edch a hr\u00e1val na sej\u0161nech na kytaru. Po nacvi\u010den\u00ed p\u00edsni\u010dek za\u010dal vystupovat s na\u0161\u00ed kapelou a je\u0161t\u011b ten rok byl p\u0159ijat i do osady.<\/p>\n<p style=\"text-align: justify;\">ngg_shortcode_4_placeholder<\/p>\n<p style=\"text-align: justify;\"><em><strong>Trampsk\u00e1 kapela Fale\u0161n\u00e1 karta &#8211; 2002<\/strong> Zleva: Jim, Vlas\u0165\u00e1k, Milda a \u010c\u00edra<\/em><\/p>\n<p style=\"text-align: justify;\">ngg_shortcode_5_placeholder<\/p>\n<p style=\"text-align: justify;\"><em><strong>T.O. Fale\u0161n\u00e1 karta &#8211; 2003<\/strong> Hodnej Pe\u0165a, Vlas\u0165\u00e1k, Milda, Jim a \u010c\u00edra<\/em><\/p>\n<p style=\"text-align: justify;\">Rok 2003 byl pro na\u0161i kapelu ve znamen\u00ed velk\u00e9ho \u00fasp\u011bchu &#8211; zisku div\u00e1ck\u00e9 Trampsk\u00e9 porty v \u00dast\u00ed nad Labem a pro na\u0161i osadu byl ve znamen\u00ed organiza\u010dn\u00edch starost\u00ed se spolupo\u0159\u00e1d\u00e1n\u00edm 10. \u010ceskoslovensk\u00e9ho potlachu.<\/p>\n<p style=\"text-align: justify;\">Na podzim roku 2003 do\u0161lo k dal\u0161\u00edm d\u016fle\u017eit\u00fdm ud\u00e1lostem. Milda se o\u017eenil a Vlas\u0165\u00e1k odjel na 5 m\u011bs\u00edc\u016f na zku\u0161enou do USA. Po dobu Vlas\u0165\u00e1kovy nep\u0159\u00edtomnosti s na\u0161\u00ed kapelou hr\u00e1val host Martin &#8222;\u0160vorc\u00e1k&#8220; \u0160krob\u00e1k (Banjo gang).<\/p>\nngg_shortcode_6_placeholder\n<p style=\"text-align: justify;\"><em><strong>Trampsk\u00e1 kapela Fale\u0161n\u00e1 karta &#8211; 2003, po zisku Porty<\/strong> Zleva: Jim, \u010c\u00edra, Vlas\u0165\u00e1k a Milda<\/em><\/p>\n<p style=\"text-align: justify;\">Rok 2004 p\u0159inesl dal\u0161\u00ed velk\u00fd \u00fasp\u011bch. Poda\u0159ilo se n\u00e1m probojovat a\u017e do fin\u00e1le presti\u017en\u00ed sout\u011b\u017ee o krte\u010dky na nejv\u011bt\u0161\u00edm FCT festivalu Zahrada, kde se n\u00e1m za pon\u011bkud pohnut\u00fdch okolnost\u00ed poda\u0159ilo obsadit se 497 hlasy n\u00e1dhern\u00e9 \u010dtvrt\u00e9 m\u00edsto. Vysv\u011btl\u00edme ty \u201epohnut\u00e9 okolnosti\u201c \u2013 Jima den p\u0159ed Zahradou schv\u00e1tila nemoc, byl odvezen do nemocnice a sout\u011b\u017en\u00ed vystoupen\u00ed s n\u00e1mi odehr\u00e1l Radek \u2013 basista L\u00edstku, se kter\u00fdm jsme p\u00edsni\u010dky nacvi\u010dili t\u011bsn\u011b p\u0159ed vystoupen\u00edm. V tomto roce jsme absolvovali mnoho dal\u0161\u00edch kr\u00e1sn\u00fdch vystoupen\u00ed, nap\u0159. na Slunovratu, Klimkovick\u00e9m kytarobit\u00ed, Trampsk\u00e9 not\u011b, FTP ve Skali\u010dce, Byst\u0159ick\u00e9m banju a spoust\u011b dal\u0161\u00edch.<\/p>\n<p style=\"text-align: justify;\">Na ja\u0159e roku 2005 ode\u0161el z Fale\u0161n\u00e9 karty na vlastn\u00ed p\u0159\u00e1n\u00ed \u010c\u00edra. Zbytek kapely se rozhodl pokra\u010dovat d\u00e1l ve t\u0159ech. P\u0159i\u0161el dal\u0161\u00ed \u00fasp\u011bch v podob\u011b probojov\u00e1n\u00ed do celost\u00e1tn\u00edho fin\u00e1le Porty 2005 a op\u011bt cel\u00e1 \u0159ada p\u011bkn\u00fdch vystoupen\u00ed, nap\u0159. na Hor\u00e1ck\u00e9m d\u017eb\u00e1nku, na Ole\u0161nick\u00e9 kytce a dal\u0161\u00edch. Tak\u00e9 jsme r\u00e1di p\u0159ijali nab\u00eddku po po\u0159adatel\u016f Mohelnick\u00e9ho dostavn\u00edku aby v r\u00e1mci tohoto festivalu byl zap\u00e1len n\u00e1\u0161 10. v\u00fdro\u010dn\u00ed ohe\u0148.<\/p>\n<p style=\"text-align: justify;\">Od b\u0159ezna do \u010dervna roku 2006 vyrazil Vlas\u0165\u00e1k op\u011bt na zku\u0161enou do sv\u011bta. V t\u00e9to dob\u011b prob\u011bhla dv\u011b vystoupen\u00ed na kter\u00fdch n\u00e1m op\u011bt vypomohl \u0160vorc\u00e1k. V letech 2006 a\u017e 2008 ji\u017e bylo vystoupen\u00ed m\u00e9n\u011b ne\u017e v p\u0159ede\u0161l\u00fdch letech. Na konci roku 2008 ode\u0161el z kapely i osady na vlastn\u00ed p\u0159\u00e1n\u00ed Jim, kter\u00fd u\u017e del\u0161\u00ed dobu zji\u0161\u0165oval, \u017ee ho trampsk\u00e1 muzika a trampsk\u00e9 akce nenapl\u0148uj\u00ed.<\/p>\n<p style=\"text-align: justify;\">Milda a Vlas\u0165\u00e1k se rozhodli p\u0159izvat na po\u010d\u00e1tku roku 2009 do kapely mlad\u00e9 kluky, zap\u00e1len\u00e9 muzikanty a trampy, Vratislava \u201eVr\u00e1\u0165u\u201c Bla\u017eka a Tom\u00e1\u0161e \u201e\u010c\u00e1ru\u201c Vol\u0161eho, se kter\u00fdmi se ji\u017e del\u0161\u00ed dobu potk\u00e1vali na vandrech, vod\u00e1ch a trampsk\u00fdch muzikantsk\u00fdch akc\u00edch. Do osady byli Vr\u00e1\u0165a s \u010c\u00e1rou p\u0159ijati na 15. v\u00fdro\u010dn\u00edm ohni v z\u00e1\u0159\u00ed 2010.<\/p>\nngg_shortcode_7_placeholder\n<p style=\"text-align: justify;\"><em><strong>Trampsk\u00e1 kapela Fale\u0161n\u00e1 karta &#8211; 2009<\/strong> Zleva: Milda, Vr\u00e1\u0165a, Vlas\u0165\u00e1k a \u010c\u00e1ra<\/em><\/p>\n<h2><strong>Sou\u010dasnost:<\/strong><\/h2>\n<p>Trampsk\u00e1 kapela Fale\u0161n\u00e1 karta se pravideln\u011b \u00fa\u010dastn\u00ed velk\u00fdch (Porta, Mohelnick\u00fd dostavn\u00edk\u2026) i men\u0161\u00edch (Ole\u0161nick\u00e1 kytka, Trampsk\u00e1 nota, Byst\u0159ick\u00e9 banjo\u2026) festival\u016f, koncert\u016f a ob\u010das i odehraje trampsk\u00fd b\u00e1l. M\u00e1me r\u00e1di sej\u0161ny a tak t\u00e9m\u011b\u0159 ka\u017ed\u00e9 vystoupen\u00ed na\u0161\u00ed kapely kon\u010d\u00ed sej\u0161nem.<\/p>\n<p><strong>Sou\u010dasn\u00e1 sestava kapely Fale\u0161n\u00e1 karta: <\/strong><\/p>\n<ul>\n<li>Milan &#8222;Milda&#8220; Dvo\u0159\u00e1k &#8211; kytara, zp\u011bv<\/li>\n<li>Vlastimil &#8222;Vlas\u0165\u00e1k&#8220; Libra &#8211; kytara, zp\u011bv<\/li>\n<li>Tom\u00e1\u0161 \u201e\u010c\u00e1ra\u201c Vol\u0161e &#8211; kytara, zp\u011bv<\/li>\n<li>Vratislav \u201eVr\u00e1\u0165a\u201c Bla\u017eek &#8211; kontrabas, zp\u011bv<\/li>\n<\/ul>\n<p>Trampsk\u00e1 osada Fale\u0161n\u00e1 karta ka\u017edoro\u010dn\u011b po\u0159\u00e1d\u00e1 sv\u00e9 tradi\u010dn\u00ed akce &#8211; Fale\u0161n\u00fd ly\u017ee, Fale\u0161nou vodu, V\u00fdro\u010dn\u00ed ohe\u0148 a V\u00edrsk\u00e9ho sumce s Mikul\u00e1\u0161sk\u00fdm trampsk\u00fdm b\u00e1lem.\u00a0Mezit\u00edm jezd\u00edme na vody, na vandry, na r\u016fzn\u00e1 setk\u00e1n\u00ed tramp\u016f\u00a0a dal\u0161\u00ed spoustu akc\u00ed.<\/p>\n<p><strong>Sou\u010dasn\u00e1 sestava T. O. Fale\u0161n\u00e1 karta: <\/strong><\/p>\n<ul>\n<li>Milan &#8222;Milda&#8220; Dvo\u0159\u00e1k<\/li>\n<li>Vlastimil &#8222;Vlas\u0165\u00e1k&#8220; Libra<\/li>\n<li>Petr &#8222;Hodnej Pe\u0165a&#8220; S\u00fdkora<\/li>\n<li>Tom\u00e1\u0161 &#8222;\u010c\u00e1ra&#8220; Vol\u0161e<\/li>\n<li>Vratislav &#8222;Vr\u00e1\u0165a&#8220; Bla\u017eek<\/li>\n<\/ul>\n","protected":false},"excerpt":{"rendered":"<p>\u00dapln\u011b na za\u010d\u00e1tku jsme byli parta patn\u00e1ctilet\u00fdch kluk\u016f, kte\u0159\u00ed se znali ze \u0161koly a kte\u0159\u00ed z\u00e1hy zjistili, \u017ee je to srdcem t\u00e1hne do p\u0159\u00edrody a k trampingu. U\u017e od za\u010d\u00e1tku n\u00e1s tak\u00e9 hodn\u011b oslovovala trampsk\u00e1 muzika, hlavn\u011b Ryvolovky, Hop-Trop\u00e1ci a p\u00edsni\u010dky, kter\u00e9 n\u00e1s u\u010dili Mildovi rodi\u010de (\u010dlenov\u00e9 ji\u017e zanikl\u00e9 T.O. Hejkal). Byly mezi nimi i [&hellip;]<\/p>\n","protected":false},"author":3,"featured_media":0,"parent":951,"menu_order":20,"comment_status":"closed","ping_status":"closed","template":"","meta":{"ngg_post_thumbnail":0,"footnotes":""},"class_list":["post-25","page","type-page","status-publish","hentry"],"_links":{"self":[{"href":"https:\/\/www.fkarta.cz\/index.php?rest_route=\/wp\/v2\/pages\/25","targetHints":{"allow":["GET"]}}],"collection":[{"href":"https:\/\/www.fkarta.cz\/index.php?rest_route=\/wp\/v2\/pages"}],"about":[{"href":"https:\/\/www.fkarta.cz\/index.php?rest_route=\/wp\/v2\/types\/page"}],"author":[{"embeddable":true,"href":"https:\/\/www.fkarta.cz\/index.php?rest_route=\/wp\/v2\/users\/3"}],"replies":[{"embeddable":true,"href":"https:\/\/www.fkarta.cz\/index.php?rest_route=%2Fwp%2Fv2%2Fcomments&post=25"}],"version-history":[{"count":26,"href":"https:\/\/www.fkarta.cz\/index.php?rest_route=\/wp\/v2\/pages\/25\/revisions"}],"predecessor-version":[{"id":3516,"href":"https:\/\/www.fkarta.cz\/index.php?rest_route=\/wp\/v2\/pages\/25\/revisions\/3516"}],"up":[{"embeddable":true,"href":"https:\/\/www.fkarta.cz\/index.php?rest_route=\/wp\/v2\/pages\/951"}],"wp:attachment":[{"href":"https:\/\/www.fkarta.cz\/index.php?rest_route=%2Fwp%2Fv2%2Fmedia&parent=25"}],"curies":[{"name":"wp","href":"https:\/\/api.w.org\/{rel}","templated":true}]}}