{"id":64,"date":"2010-04-01T10:41:48","date_gmt":"2010-04-01T08:41:48","guid":{"rendered":"http:\/\/emergency.gumbaweb.net\/fkarta.cz\/_subdomains\/wordpress\/?page_id=64"},"modified":"2014-05-12T20:26:02","modified_gmt":"2014-05-12T18:26:02","slug":"cancak","status":"publish","type":"page","link":"https:\/\/www.fkarta.cz\/?page_id=64","title":{"rendered":"Canc\u00e1k"},"content":{"rendered":"<p>V\u00edt\u00e1me v\u00e1s v na\u0161em virtu\u00e1ln\u00edm canc\u00e1ku.<\/p>\n<p>M\u016f\u017eete n\u00e1m zde\u00a0zanechat n\u011bjakou (p\u011bknou) zpr\u00e1vu \ud83d\ude42<br \/>\n<span style=\"color: #ffff99;\"><br \/>\n.<\/span><\/p>\n","protected":false},"excerpt":{"rendered":"<p>V\u00edt\u00e1me v\u00e1s v na\u0161em virtu\u00e1ln\u00edm canc\u00e1ku. M\u016f\u017eete n\u00e1m zde\u00a0zanechat n\u011bjakou (p\u011bknou) zpr\u00e1vu \ud83d\ude42 .<\/p>\n","protected":false},"author":3,"featured_media":0,"parent":0,"menu_order":60,"comment_status":"closed","ping_status":"closed","template":"","meta":{"ngg_post_thumbnail":0,"footnotes":""},"class_list":["post-64","page","type-page","status-publish","hentry"],"_links":{"self":[{"href":"https:\/\/www.fkarta.cz\/index.php?rest_route=\/wp\/v2\/pages\/64","targetHints":{"allow":["GET"]}}],"collection":[{"href":"https:\/\/www.fkarta.cz\/index.php?rest_route=\/wp\/v2\/pages"}],"about":[{"href":"https:\/\/www.fkarta.cz\/index.php?rest_route=\/wp\/v2\/types\/page"}],"author":[{"embeddable":true,"href":"https:\/\/www.fkarta.cz\/index.php?rest_route=\/wp\/v2\/users\/3"}],"replies":[{"embeddable":true,"href":"https:\/\/www.fkarta.cz\/index.php?rest_route=%2Fwp%2Fv2%2Fcomments&post=64"}],"version-history":[{"count":28,"href":"https:\/\/www.fkarta.cz\/index.php?rest_route=\/wp\/v2\/pages\/64\/revisions"}],"predecessor-version":[{"id":3058,"href":"https:\/\/www.fkarta.cz\/index.php?rest_route=\/wp\/v2\/pages\/64\/revisions\/3058"}],"wp:attachment":[{"href":"https:\/\/www.fkarta.cz\/index.php?rest_route=%2Fwp%2Fv2%2Fmedia&parent=64"}],"curies":[{"name":"wp","href":"https:\/\/api.w.org\/{rel}","templated":true}]}}